 27. Is d(7) a composite number?
False
Let d be (-7 + (-2)/(-1))/((-12)/48). Let m(t) = -t**3 + 22*t**2 - 28*t - 15. Let h be m(d). Suppose -h + 1455 = 6*k. Is k prime?
False
Let p(s) = -s**2 - 11*s + 266. Let d be p(-20). Suppose 0 = 80*u - d*u + 1266. Is u a composite number?
False
Suppose 0 = 4*l - 45*v + 40*v - 1867481, -l + 466858 = -3*v. Is l prime?
False
Let m = 112 + -112. Suppose 13*r + 3123 - 81032 = m. Is r a prime number?
False
Let h = 17782 + -12491. Suppose 4*z - 2*x = 19339 + h, 4*z + 4*x - 24600 = 0. Suppose -5*p = 4*g - 8754, 2*g + 1771 = p + z. Is g prime?
False
Let t = -29987 + 167226. Is t a prime number?
True
Let l be 0 + -6 - (-36)/6. Suppose -5*o + p + 1120 = l, 2*p + 63 = 2*o - 393. Is o prime?
True
Let j = 489409 + -46586. Is j composite?
False
Let w(y) = -222*y + 2. Let s be w(1). Let q = s + 609. Is -3*(-2)/(6/q) prime?
True
Let j(p) be the first derivative of 13*p**3 - 27*p**2/2 - 31*p - 59. Is j(-9) prime?
True
Let l(f) = -4903*f - 5946. Is l(-101) composite?
False
Let m(v) = 6062*v - 71. Let u be m(-7). Is (-5)/(200/u)*8 a prime number?
True
Let u = 212 + -210. Suppose u*o - 5918 = -4*v, 5*o + 1 = -14. Is v a prime number?
True
Suppose -3*d = g - 2*d - 9, 3*d = 4*g - 22. Suppose g*l - 384230 = -3*l. Suppose -8646 = 11*a - l. Is a a prime number?
True
Let m(j) = 105139*j + 159. Is m(2) a composite number?
False
Suppose -962113 = -41*r + 571369. Is r composite?
True
Suppose -42*z - 4*m = -43*z + 593945, 5*z = 7*m + 2969751. Is z a composite number?
True
Is (-51)/(-340)*-5*(174294/(-2) - 1) a composite number?
True
Let b(h) = -18*h + 128. Let r be b(7). Suppose -4*l + 3*z = -34342, -4*l + r*z + 25061 = -9283. Is l composite?
True
Suppose -2439*v + 2446*v - 1468663 = 4949854. Is v a composite number?
False
Suppose 5*j - 6*j + 35 = 0. Suppose 2*y = 4*p - 65 - j, 0 = 5*y - p + 214. Is (1159/(-2))/(y/12 - -3) a composite number?
True
Suppose -r = -4*r + 15. Suppose -5*x - 2 + 7 = -5*g, -3*x - 13 = r*g. Is 0 + g + 18/(-12)*-326 a prime number?
True
Let t be (43/86)/(3/(-288)). Let l = 461 - 110. Let w = l + t. Is w a composite number?
True
Is (90/(-54))/(15/(-2309463)) a prime number?
False
Let m = 21922 - -12656. Suppose 11*b - 29*b = -m. Is b a composite number?
True
Is (-2*5/(-6))/((-50)/(-6943290)) a composite number?
False
Suppose 0 = -0*k - 3*k - 33. Let h(n) = 3*n**2 - 2*n - 13. Let v be h(k). Let x = v - 155. Is x a prime number?
False
Let s(i) = 239*i**2 + 322*i - 49. Is s(-32) composite?
False
Let i(h) = -69*h**3 + 4*h**2 + 2. Let o be i(-2). Suppose 685 + o = 5*k. Is k a composite number?
False
Suppose m - 3*z - 85501 = 1995, -350001 = -4*m - 5*z. Is m a prime number?
False
Is ((-2)/3)/((-2781128)/1390557 - -2) a prime number?
False
Suppose 2*i - 9468 = -4*m + 5134, 5*m - i = 18256. Suppose 0 = -5*h - 146 + m. Is h prime?
True
Suppose 106209 = 4*l - h, -h + 6513 = -2*l + 59620. Is l prime?
False
Let p(k) = -2497*k - 152. Let u(d) = -2*d + 3. Let m(t) = -p(t) + 5*u(t). Is m(6) a prime number?
False
Suppose 3*u - 3*x = -0*x + 27, x = -4*u + 46. Suppose -16*z + u*z + 20 = 0. Suppose z*j - 593 = -3*r + 1175, r = 3*j - 1313. Is j a prime number?
True
Suppose 0 = -3*i - h + 12150, 181*h = i + 180*h - 4046. Is i prime?
True
Let i = 408 - 399. Suppose -f + q + 1372 = 0, i*f - 4*q = 8*f + 1387. Is f a prime number?
True
Is 41189/(276/(-28) - -10) composite?
True
Let y(b) = 5*b + 2. Let a be y(2). Let l = a + -8. Suppose 2*t - l*i = 6306, t + i = -3*t + 12657. Is t a composite number?
False
Suppose 0 = 319*m - 345*m + 312286. Is m prime?
True
Let v = 44009 + -25828. Is v prime?
True
Let i = -287 + 280. Is 2/i + (65880/(-35))/(-1) a prime number?
False
Suppose 0 = -3*g - 9, 5*b = -3*g + 152175 + 41351. Is b prime?
True
Let b(r) = -193*r**3 - 2*r**2 + 3*r + 41. Is b(-9) a prime number?
True
Let p(j) = 3*j**3 + 5*j**2 - j - 7271. Let s(r) = -2*r**3 - 4*r**2 + r + 7271. Let f(n) = 4*p(n) + 5*s(n). Is f(0) a prime number?
False
Suppose l + 8*o = 3*o + 2397, 3*o = -l + 2405. Suppose -2*b - l - 1438 = -g, 2*g + 2*b - 7734 = 0. Is g composite?
False
Suppose 2*m - 5*k = -9, 15*k = -5*m + 10*k + 30. Suppose -m*r + 23 = 4*d - 10, r - 7 = -d. Is 2/8 - (-11493)/d composite?
True
Suppose 0 = 2*b - 6*r - 9004, -3*b = -4*r + 1265 - 14756. Is b a composite number?
False
Let k = 125 + -118. Let s = 4 + 0. Suppose -k*n + 2*n = 3*u - 15133, s*n + u = 12112. Is n prime?
False
Let c(o) = o**2 + 10*o + 3. Let k be c(-8). Let t = 550 + k. Is t prime?
False
Suppose -20 + 55 = -5*n, -5*w - 4*n + 429907 = 0. Is w a composite number?
True
Suppose -w + 4*q = 0, -3*w + 8*w = 2*q. Suppose w*j + 150 = 4*g + 2*j, 4*g - 152 = -4*j. Is g prime?
True
Is 18 + 150/(-10) + (3 - (-2 + -224571)) a composite number?
False
Suppose 5*k - 102896 = -b, -282 = b - 283. Is k a prime number?
False
Let p(t) = -6358*t + 19695. Is p(-107) prime?
True
Is ((-2)/(-8))/((-1)/(-418484)) composite?
True
Suppose -74*y + 11781198 = -1067348. Is y prime?
True
Suppose 8*l = 2*d + 9*l - 258929, -388386 = -3*d + l. Is d prime?
False
Let l(z) = -2*z**2 - 2*z + 15. Let o be l(-4). Let b(c) = -8*c**3 - 14*c**2 + 12*c + 29. Is b(o) a composite number?
True
Suppose 175 = -q + 195. Suppose -2218 = q*t - 21*t. Is t a prime number?
False
Suppose 3*v + 8 = -7. Let h(c) = 50*c**2 - 6*c - 3. Let f be h(v). Let g = 1926 - f. Is g a prime number?
False
Suppose 3*q + 165 = -0*q. Let x = q + 59. Suppose x*h - 345 - 283 = 0. Is h a prime number?
True
Let u be (-5)/((-104)/(-16) - 4). Is (-10 - -9)*-1*(-21806)/u a composite number?
False
Let c(l) = 2*l + 18. Let r be c(-7). Suppose -r*b - 3 - 5 = 0. Is 6022/8 + 0 - b/8 prime?
False
Suppose -12712044 - 28999286 + 1672650 = -88*d. Is d a prime number?
False
Let n be 4*(15/(-20))/1. Let a be 2/n + 72/27. Is 752/a - 45/(-15) composite?
False
Let j be (-1 - 15/(-9)) + 2/(-3). Suppose -4*n = 6*f - 2*f - 11632, j = 4*f - n - 11637. Is f prime?
True
Let z(y) = 31*y - 1429*y**2 + 1450*y**2 - y**3 - 8 - 21. Is z(20) a composite number?
False
Let h be (-24)/(-18)*60/16. Suppose h*b - 9*b = -28. Is -10*-3*b - -1 a prime number?
True
Let l(f) be the third derivative of 2447*f**7/5040 + f**6/60 + 23*f**5/60 - 20*f**2. Let a(h) be the third derivative of l(h). Is a(1) a prime number?
True
Let d(g) = 4*g**3 + 33*g**2 + 47*g + 8. Let q be d(-20). Let y = q - -28341. Is y a composite number?
False
Suppose 72*t - 13336734 - 6652842 = 0. Is t prime?
False
Let v(j) = 114*j**2 - 17*j - 1. Let w be v(-4). Suppose -3*d + w = -1715. Is d a composite number?
True
Suppose 3*p + 5*m - 7860 = 0, -48*p + m + 2636 = -47*p. Let v(r) = 2*r - 7. Let j be v(6). Suppose 135 = -j*z + p. Is z a composite number?
False
Let y be 8/2*(-2514)/(-8). Suppose 5*q - 1255 = -w + 2*q, 4*q = -w + y. Is w a prime number?
True
Suppose -3*c + 4 - 34 = 0. Let a be ((-8)/c)/(8/20). Suppose 4614 = a*s + 4*i, 5*i = 6*s - 2*s - 9215. Is s a composite number?
True
Let i = 97176 - -383819. Is i prime?
False
Let y(d) = -768*d - 1. Let w be y(-1). Let i = w - 189. Suppose q - i = -h, -2*q + 3*q - 569 = -4*h. Is q prime?
False
Suppose 19*y = 22*y + 6. Let v(u) = -6*u - 6. Let n be v(y). Suppose n*g - 134 = 4*g. Is g a prime number?
True
Suppose 5*p = -4*r + 170, -2*p - r - 34 = -3*p. Suppose u = p + 7. Suppose -m = -2*i - 21, u + 31 = 4*m + 4*i. Is m prime?
True
Is (-1)/((-2527178)/(-2105990) - 72/60) prime?
True
Suppose 14 = -5*i + 14. Let b = 221 - 87. Suppose m - b = -i. Is m a composite number?
True
Suppose -2876 = -x - 3*x. Let y = 244 + -249. Is (x - (-20)/y) + 4 prime?
True
Suppose -8470 = -30*k + 8*k. Is ((k/(-10))/(-11))/(1/674) prime?
False
Suppose -13*t + 238825 + 294357 = 0. Is t a prime number?
False
Let c(h) = 2*h**3 - 26*h**2 + 11*h - 12. Let b be ((-2)/(-8))/(3/(159 + -3)). Is c(b) prime?
True
Let s(w) be the second derivative of w**5/20 - 7*w**4/6 + 5*w**3/2 - 19*w**2/2 + 14*w - 3. Let b be 6/18 + (-82)/(-6). Is s(b) a prime number?
True
Let b(c) = 61*c**2 - 8*c + 4. Let j be b(-5). Let p be 16/24 - 2/3. Suppose 0 = -3*o + 3*s + j, p = -2*o + s - 0*s + 1044. Is o a prime number?
True
Let o(u) be the second derivative of -91*u**3/6 - 17*u**2 + 32*u - 2. Is o(-13) prime?
False
Let u = 92731 + -65672. Is u a composite number?
False
Let b = 287 - 282. Suppose -2*m - 2*d = -3380, -3*d = -3*m + 